{"id":15532,"date":"2023-05-24T08:00:00","date_gmt":"2023-05-24T05:00:00","guid":{"rendered":"https:\/\/www.omj.fi\/?post_type=konsertit&#038;p=15532"},"modified":"2023-06-20T11:39:40","modified_gmt":"2023-06-20T08:39:40","slug":"case-kamarainen-ft-severi-pyysalo","status":"publish","type":"konsertit","link":"https:\/\/www.omj.fi\/en\/konsertit\/case-kamarainen-ft-severi-pyysalo\/","title":{"rendered":"Case K\u00e4m\u00e4r\u00e4inen ft. Severi Pyysalo"},"content":{"rendered":"","protected":false},"excerpt":{"rendered":"","protected":false},"featured_media":15964,"parent":0,"template":"template-parts\/single-konsertit.php","konsertit_categories":[3],"class_list":["post-15532","konsertit","type-konsertit","status-publish","has-post-thumbnail","hentry","konsertit_categories-jazzetno"],"acf":[],"_links":{"self":[{"href":"https:\/\/www.omj.fi\/en\/wp-json\/wp\/v2\/konsertit\/15532","targetHints":{"allow":["GET"]}}],"collection":[{"href":"https:\/\/www.omj.fi\/en\/wp-json\/wp\/v2\/konsertit"}],"about":[{"href":"https:\/\/www.omj.fi\/en\/wp-json\/wp\/v2\/types\/konsertit"}],"version-history":[{"count":3,"href":"https:\/\/www.omj.fi\/en\/wp-json\/wp\/v2\/konsertit\/15532\/revisions"}],"predecessor-version":[{"id":15965,"href":"https:\/\/www.omj.fi\/en\/wp-json\/wp\/v2\/konsertit\/15532\/revisions\/15965"}],"wp:featuredmedia":[{"embeddable":true,"href":"https:\/\/www.omj.fi\/en\/wp-json\/wp\/v2\/media\/15964"}],"wp:attachment":[{"href":"https:\/\/www.omj.fi\/en\/wp-json\/wp\/v2\/media?parent=15532"}],"wp:term":[{"taxonomy":"konsertit_categories","embeddable":true,"href":"https:\/\/www.omj.fi\/en\/wp-json\/wp\/v2\/konsertit_categories?post=15532"}],"curies":[{"name":"wp","href":"https:\/\/api.w.org\/{rel}","templated":true}]}}

Case Kämäräinen ft. Severi Pyysalo
