{"id":11562,"date":"2022-01-18T08:00:00","date_gmt":"2022-01-18T06:00:00","guid":{"rendered":"https:\/\/www.omj.fi\/?post_type=konsertit&#038;p=11562"},"modified":"2022-03-25T14:49:44","modified_gmt":"2022-03-25T12:49:44","slug":"linda-fredriksson-juniper","status":"publish","type":"konsertit","link":"https:\/\/www.omj.fi\/en\/konsertit\/linda-fredriksson-juniper\/","title":{"rendered":"SUPERPOSITION"},"content":{"rendered":"","protected":false},"excerpt":{"rendered":"<p>Linda Fredriksson astuu esiin s\u00e4velt\u00e4j\u00e4n\u00e4 ja yhtyejohtajana sooloprojektissaan Juniperissa, jossa h\u00e4n tuo kuultavaksemme h\u00e4nen &#8221;hiljaisen ja ujon puolensa\u201d s\u00e4velt\u00e4m\u00e4\u00e4 musiikkia: rehellist\u00e4, yksityist\u00e4 ja sielultaan singer-songwriter-musiikkia jazz-yhtyeen soittamana.<\/p>","protected":false},"featured_media":12708,"parent":0,"template":"template-parts\/single-konsertit.php","konsertit_categories":[4],"class_list":["post-11562","konsertit","type-konsertit","status-publish","has-post-thumbnail","hentry","konsertit_categories-festivaali"],"acf":[],"_links":{"self":[{"href":"https:\/\/www.omj.fi\/en\/wp-json\/wp\/v2\/konsertit\/11562","targetHints":{"allow":["GET"]}}],"collection":[{"href":"https:\/\/www.omj.fi\/en\/wp-json\/wp\/v2\/konsertit"}],"about":[{"href":"https:\/\/www.omj.fi\/en\/wp-json\/wp\/v2\/types\/konsertit"}],"version-history":[{"count":3,"href":"https:\/\/www.omj.fi\/en\/wp-json\/wp\/v2\/konsertit\/11562\/revisions"}],"predecessor-version":[{"id":12710,"href":"https:\/\/www.omj.fi\/en\/wp-json\/wp\/v2\/konsertit\/11562\/revisions\/12710"}],"wp:featuredmedia":[{"embeddable":true,"href":"https:\/\/www.omj.fi\/en\/wp-json\/wp\/v2\/media\/12708"}],"wp:attachment":[{"href":"https:\/\/www.omj.fi\/en\/wp-json\/wp\/v2\/media?parent=11562"}],"wp:term":[{"taxonomy":"konsertit_categories","embeddable":true,"href":"https:\/\/www.omj.fi\/en\/wp-json\/wp\/v2\/konsertit_categories?post=11562"}],"curies":[{"name":"wp","href":"https:\/\/api.w.org\/{rel}","templated":true}]}}

<p>Linda Fredriksson astuu esiin säveltäjänä ja yhtyejohtajana sooloprojektissaan Juniperissa, jossa hän tuo kuultavaksemme hänen &#8221;hiljaisen ja ujon puolensa” säveltämää musiikkia: rehellistä, yksityistä ja sielultaan singer-songwriter-musiikkia jazz-yhtyeen soittamana.</p>
